-4 + 9. Suppose -s*u = -4*u - 5. Let t(l) = l + 5. List the prime factors of t(u).
2, 5
Let w(t) = 15*t**2 + 1. Let a be w(-1). Suppose 4 = 5*v - a. Let r = 7 - v. What are the prime factors of r?
3
Suppose -2*b - w + 9 = 0, -4 + 1 = -w. Let p = 87 - 47. Suppose b*u = -2*q + 5*q - 3, -5*u = 4*q - p. What are the prime factors of q?
5
Let s = 222 + 18. Suppose -6*h + h = -s. What are the prime factors of h?
2, 3
Suppose 0 = -5*f + 5*r - 2*r + 12, 2*f = 2*r + 4. Let h(j) = -3*j**2 - 2 - j**3 + 5*j + 3*j - 3*j - f. List the prime factors of h(-5).
2, 5
List the prime factors of 2 + (-2)/4 + 1380/40.
2, 3
Let m(r) = 14*r**2 + 6*r - 3. What are the prime factors of m(2)?
5, 13
Let l(y) = -6*y - 3. Let p(i) = -i**2 - i - 1. Let m(a) = l(a) - p(a). List the prime factors of m(6).
2
Let v(k) = -k**3 - 7*k**2 + 2*k - 19. What are the prime factors of v(-8)?
29
Let x(j) = j**2 + 4*j - 6. Let f(t) = 2*t + 2. Let u be f(3). Let i = u + -14. What are the prime factors of x(i)?
2, 3
Let m(w) = -w**3 - 3 - 7*w - 6*w**2 - 2*w**2 + w**2. List the prime factors of m(-6).
3
Suppose 86 + 141 = w + 5*r, 2*w - 5*r = 514. List the prime factors of w.
13, 19
Let v = 10 - 12. List the prime factors of (-1 - 0)/(v/16).
2
Suppose 0 = -4*g + 21 + 15. What are the prime factors of g?
3
Let x(i) = -i**3 + 14*i**2 - 8*i + 11. Let l be x(13). Suppose -a + l = 3*a. What are the prime factors of a?
19
Suppose s - 3*z - 3 = -11, 0 = 5*s + 4*z - 17. Let g = 0 + s. Suppose q - 9 + g = 0. What are the prime factors of q?
2
Suppose 5 = -5*d + 5*b, -4*d - 2*b = -7*d - 7. List the prime factors of (-57)/d + (-6)/(-10).
2, 3
Let n(d) = -d**2 - 7*d - 5. Let q be n(-5). Suppose -13 = -q*b + 7. Suppose b*f = -0*f + 8. List the prime factors of f.
2
Suppose -15*h + 70 = -13*h. What are the prime factors of h?
5, 7
Suppose 37 = 3*x + 5*t - 94, 0 = 3*x - 4*t - 149. What are the prime factors of x?
47
Suppose o + 3 = 8. Suppose 4*x - o - 3 = 0. Suppose 3*p - x*p - 3*v = 12, -p - 3*v = 6. List the prime factors of p.
3
Suppose -2*z = 46 - 124. Let m = -21 + z. Suppose i = -i + m. What are the prime factors of i?
3
Let y(a) = 16*a**3 + a**2. Let c = -5 + 6. List the prime factors of y(c).
17
Let k = 44 + -25. Suppose -3*u + k = -l + 5*l, -3*l + 5*u = 22. Suppose -5*g = -21 + l. List the prime factors of g.
2
Let f = 56 - -11. What are the prime factors of f?
67
Let u(j) = j**3 - 12*j**2 + 12*j - 9. Let a be u(11). Suppose -a*x = -5*x + 24. List the prime factors of x.
2
Suppose -5*q + 11 + 9 = 0. Suppose -1 - 7 = -q*t. Suppose 5*u = -4*h + 67, 0*u + u + t*h = 11. List the prime factors of u.
3, 5
Suppose -5*q + 677 = 177. What are the prime factors of (2/(-4))/((-10)/q)?
5
List the prime factors of (-983)/(-4) - (-42)/(-56).
5, 7
Suppose -c - 1 = -80. Let x = -10 - -15. Suppose -2*h + 3*r + 32 = x*r, -4*h + c = -r. What are the prime factors of h?
19
Let b = -1 + -1. Let z(i) = -i**2 - i + 1. Let m(t) = 9*t**2 + 10*t - 11. Let d(k) = -2*m(k) - 22*z(k). What are the prime factors of d(b)?
2, 3
What are the prime factors of ((-10)/4 + 0)*-2?
5
Let m(w) = 3*w + 4. Let i be ((-2)/4 - -1)*-6. Let q be m(i). Let x = -3 - q. What are the prime factors of x?
2
Let g(x) = -15*x**2 - 8*x - 1. Let f(n) = -n**2 - n. Let d(p) = 6*f(p) - g(p). What are the prime factors of d(-1)?
2
Let q be 4/(-22) + 938/77. Let h = -7 + q. Suppose -14 = -h*k + 1. What are the prime factors of k?
3
Let m(q) = q**2 - 5*q + 11. List the prime factors of m(-12).
5, 43
Suppose n + 4*t = 103, 5*n + 3*t - 339 = 176. What are the prime factors of n?
103
Let v(r) = 4*r**2 - 1. Let w be v(-1). Suppose -2*h - w*d - 6 = -1, -13 = -5*h + d. List the prime factors of (h/6)/(2/54).
3
Let b be ((-2)/2)/(3/57). Let o = b + 8. Let v = 19 + o. List the prime factors of v.
2
Let s = 38 - 18. Suppose 2*y - 2*w - s = 0, -w + 8 = 2*y + w. What are the prime factors of y?
7
Let z(x) = x + 6. Let y be z(-6). Let c(a) = a**3 - a**2 - a + 15. What are the prime factors of c(y)?
3, 5
Let m = -13 - -24. Suppose m = 4*y - 17. What are the prime factors of y?
7
Let p(g) = -g**3 + 9*g**2 - 9*g + 8. Let n be 8*1 + 0/(-1). Let o be p(n). List the prime factors of o + 0 - (-9 - 2).
11
Suppose k - 2*k + 2*g + 130 = 0, 2*g = 8. List the prime factors of k.
2, 3, 23
Suppose -3*y + 12 = -7*y. List the prime factors of (26 + y)*-1*-1.
23
Let z(g) = -24*g - 5. List the prime factors of z(-5).
5, 23
Let p(q) = -q**3 - 5*q**2 - q - 1. Let x be p(-5). Let v = -3 + 17. Suppose 75 = 5*g + x*c, 3*g - 34 - v = -3*c. List the prime factors of g.
11
Suppose -2*m + 6 = -4. Suppose 3*p = m*l - 31, -2*p - 10 = 3*p. Suppose -l*n + 0*n = -45. List the prime factors of n.
3
Let p(n) = -2*n**3 - 3*n**2 + 3*n. List the prime factors of p(-3).
2, 3
Let q = 512 + -320. What are the prime factors of q?
2, 3
Suppose -5*q + 4*a = -20, -5*q - 1 = -a - 6. Let g be (2 - -3) + -1 + q. Let w = g - -8. List the prime factors of w.
2, 3
Suppose 255 = 3*h - 3*k, 5*k + 82 = h + 3*k. What are the prime factors of h?
2, 11
List the prime factors of (-77)/(-2) - 3/(-6).
3, 13
Let o = -8 - -25. Suppose 0 = 2*k, -3 + 12 = -3*j - k. Let g = j + o. What are the prime factors of g?
2, 7
What are the prime factors of (-13 - 5)*9/(-6)?
3
Let i(x) = x**3 - 5*x**2 - 4*x - 17. Let w be i(7). Let v = w - 20. List the prime factors of v.
3, 11
Let f(h) = 32*h - 1. Let r = 4 - 2. Let o be f(r). Suppose -3*i = -3*n - o, -3*n = 1 + 11. List the prime factors of i.
17
Let c(a) = a + 10. Let f be c(-8). Suppose f*w = -w + 69. What are the prime factors of w?
23
Let p(z) = z**3 + 9*z**2 + 9*z - 5. What are the prime factors of p(-7)?
2, 3, 5
Suppose -4*q - l + 11 = 0, -l = q - 5*q + 5. Let b(i) = 2*i + 3. What are the prime factors of b(q)?
7
Suppose -n + 3 = 0, -3*n + 23 + 10 = 4*k. Let b be (1/2)/((-4)/(-88)). Let u = b - k. List the prime factors of u.
5
Let s(i) = 2*i**2 - 3*i + 20. Let b be s(-9). Suppose -5*j + 3*p = -b, -5*p - 55 = 3*j - 194. List the prime factors of j.
43
Suppose -f - 24 = -4*f. What are the prime factors of f?
2
Let z = 5 - -1. What are the prime factors of z?
2, 3
Suppose 0 = -4*z, 0 = -s + 3*z + 4 + 23. Suppose 9 = -p + 4*l, p = -0*p - 5*l + s. What are the prime factors of 2/3*(p - 1)?
2
What are the prime factors of (-3 - -7)/2*11?
2, 11
Let c be 0 - 2 - 1/(-1). Let v = c + 0. Let q = v + 3. List the prime factors of q.
2
List the prime factors of (51/12)/(1/32).
2, 17
Suppose -3*y - 86 = -188. List the prime factors of y.
2, 17
Let c = -5 - -7. Suppose 3*l - 18 = -v, 0 = 5*l + c*v - 7*v - 10. Suppose l*i + t - 67 = 0, -6 = -0*t + 2*t. What are the prime factors of i?
2, 7
Suppose 0 = 5*y + 4*l + 2, 2*y + 5*l - 2*l = -5. Suppose -6*w + w = -5. What are the prime factors of y/w*(-8)/(-4)?
2
What are the prime factors of (16/(-10))/((-3)/30)?
2
Suppose -2*q - 2*t - 78 - 114 = 0, -390 = 4*q + 2*t. Let u be 18/(-12)*4/3. What are the prime factors of q/(-6)*u/(-3)?
11
Let r be 3/9 + 196/6. Suppose 2*a + r = 5*a. Suppose q = -4*o + 21, -5*o - 2*q + 35 = a. List the prime factors of o.
2, 3
Let m(s) = -s**2 + s + 2. Let b be m(2). Suppose b = 4*c - 3*k - 85, -5*k = 3*c - 8 - 34. List the prime factors of c.
19
Suppose 4*h - 381 = -3*r, -6*r = -2*r + h - 495. List the prime factors of r.
3, 41
Suppose 7*j = 5*j + 26. What are the prime factors of j?
13
Let z be (-3)/18*-3*-2. Let d = 11 - z. What are the prime factors of d?
2, 3
Let o(m) be the first derivative of -2*m**3/3 + m**2/2 + m - 3. Let c(d) = -d**2 + d + 1. Let p(x) = 7*c(x) - 4*o(x). What are the prime factors of p(-3)?
3
Let d be (-4)/6*(-2 + -1). Let u be (60 - (0 + d))*2. What are the prime factors of (-2)/(-5) + u/10?
2, 3
Let z = 9 - 6. What are the prime factors of (z/1 - -8)/1?
11
Let q(f) = 84*f - 2. What are the prime factors of q(2)?
2, 83
Suppose 3*l = 9, -6 = p + 2*p - 2*l. Suppose -j - j = p. Suppose 7 = m - j. What are the prime factors of m?
7
What are the prime factors of (-5 - 567/(-12))/((-2)/(-8))?
13
Let p(j) = 15*j - 4. Let s be p(4). Suppose -173 = -3*g - s. Suppose 5*r - 25 = 5*o, -3*r - 5*o = -0*o - g. What are the prime factors of r?
2
Let f(b) = b**2 + 1. Let q(l) = 3*l**2 + l - 5. Let g(o) = 4*f(o) - q(o). List the prime factors of g(5).
29
Let c = 57 - 29. List the prime factors of c/40*2*5.
7
Let